{"id":3,"date":"2025-05-07T15:17:27","date_gmt":"2025-05-07T13:17:27","guid":{"rendered":"http:\/\/avocat-munoz-coupey-divorce-charente.fr\/?page_id=3"},"modified":"2026-03-15T20:58:06","modified_gmt":"2026-03-15T19:58:06","slug":"politique-de-confidentialite","status":"publish","type":"page","link":"https:\/\/avocat-munoz-coupey-divorce-charente.fr\/?page_id=3","title":{"rendered":"Politique de confidentialit\u00e9"},"content":{"rendered":"<div class=\"wpb-content-wrapper\"><p>[vc_row row_height_percent=\u00a0\u00bb0&Prime; override_padding=\u00a0\u00bbyes\u00a0\u00bb h_padding=\u00a0\u00bb2&Prime; top_padding=\u00a0\u00bb2&Prime; bottom_padding=\u00a0\u00bb3&Prime; overlay_alpha=\u00a0\u00bb50&Prime; gutter_size=\u00a0\u00bb0&Prime; column_width_percent=\u00a0\u00bb100&Prime; shift_y=\u00a0\u00bb0&Prime; z_index=\u00a0\u00bb0&Prime; content_parallax=\u00a0\u00bb0&Prime; uncode_shortcode_id=\u00a0\u00bb106180&Prime;][vc_column column_width_percent=\u00a0\u00bb100&Prime; gutter_size=\u00a0\u00bb3&Prime; overlay_alpha=\u00a0\u00bb50&Prime; shift_x=\u00a0\u00bb0&Prime; shift_y=\u00a0\u00bb0&Prime; shift_y_down=\u00a0\u00bb0&Prime; z_index=\u00a0\u00bb0&Prime; medium_width=\u00a0\u00bb1&Prime; mobile_visibility=\u00a0\u00bbyes\u00a0\u00bb mobile_width=\u00a0\u00bb0&Prime; width=\u00a0\u00bb1\/4&Prime; uncode_shortcode_id=\u00a0\u00bb101873&Prime;][\/vc_column][vc_column column_width_percent=\u00a0\u00bb100&Prime; gutter_size=\u00a0\u00bb3&Prime; overlay_alpha=\u00a0\u00bb50&Prime; shift_x=\u00a0\u00bb0&Prime; shift_y=\u00a0\u00bb0&Prime; shift_y_down=\u00a0\u00bb0&Prime; z_index=\u00a0\u00bb0&Prime; medium_width=\u00a0\u00bb5&Prime; mobile_width=\u00a0\u00bb7&Prime; width=\u00a0\u00bb1\/2&Prime; uncode_shortcode_id=\u00a0\u00bb685236&Prime;][vc_column_text text_color=\u00a0\u00bbcolor-jevc\u00a0\u00bb uncode_shortcode_id=\u00a0\u00bb241357&Prime; text_color_type=\u00a0\u00bbuncode-palette\u00a0\u00bb]<\/p>\n<h2><strong>POLITIQUE DE CONFIDENTIALIT\u00c9 <\/strong><strong>(RGPD)<\/strong><\/p>\n<p><strong>1 \u2013 Responsable du traitement<\/strong><br \/>\nLe responsable du traitement des donn\u00e9es personnelles est :<br \/>\nSELARL Munoz &amp;amp; Coupey Avocats Associ\u00e9s<br \/>\n30 rue d&rsquo;Arcole, 16000 Angoul\u00eame<br \/>\nEmail : <a href=\"mailto:cabinetmunoz.avocat@gmail.com\" target=\"_blank\" rel=\"noopener\">cabinetmunoz.avocat@gmail.com<\/a><\/p>\n<p><strong>2 \u2013 Donn\u00e9es collect\u00e9es<\/strong><br \/>\nLe cabinet est susceptible de collecter les donn\u00e9es suivantes :<br \/>\n&#8211; Nom et pr\u00e9nom<br \/>\n&#8211; Adresse email<br \/>\n&#8211; Num\u00e9ro de t\u00e9l\u00e9phone<br \/>\n&#8211; Contenu des messages envoy\u00e9s via le formulaire de contact<br \/>\n&#8211; Donn\u00e9es de navigation (cookies, adresse IP)<\/p>\n<p><strong>3 \u2013 Finalit\u00e9s du traitement<\/strong><br \/>\nLes donn\u00e9es personnelles sont collect\u00e9es pour :<br \/>\n&#8211; la gestion des demandes de contact ;<br \/>\n&#8211; la prise de rendez-vous ;<br \/>\n&#8211; la gestion de la relation client ;<br \/>\n&#8211; la s\u00e9curit\u00e9 et le bon fonctionnement du Site ;<br \/>\n&#8211; le respect des obligations l\u00e9gales et d\u00e9ontologiques.<\/p>\n<p><strong>4 \u2013 Base l\u00e9gale du traitement<\/strong><br \/>\nLes traitements reposent sur :<br \/>\n&#8211; le consentement de l\u2019Utilisateur ;<br \/>\n&#8211; l\u2019int\u00e9r\u00eat l\u00e9gitime du cabinet ;<br \/>\n&#8211; les obligations l\u00e9gales applicables \u00e0 la profession d\u2019avocat.<\/p>\n<p><strong>5 \u2013 Dur\u00e9e de conservation<\/strong><br \/>\nLes donn\u00e9es personnelles sont conserv\u00e9es pour une dur\u00e9e strictement n\u00e9cessaire aux finalit\u00e9s<br \/>\npour lesquelles elles sont collect\u00e9es, et conform\u00e9ment aux obligations l\u00e9gales et d\u00e9ontologiques applicables aux avocats.<\/h2>\n<p><strong>6 \u2013 Destinataires des donn\u00e9es<\/strong><br \/>\nLes donn\u00e9es personnelles sont exclusivement destin\u00e9es au cabinet et ne font l\u2019objet d\u2019aucune<br \/>\ncession \u00e0 des tiers, sauf obligation l\u00e9gale ou n\u00e9cessit\u00e9 technique (h\u00e9bergeur, prestataire<br \/>\ninformatique).<\/p>\n<p><strong>7 \u2013 S\u00e9curit\u00e9 des donn\u00e9es<\/strong><br \/>\nLe cabinet met en \u0153uvre toutes les mesures techniques et organisationnelles appropri\u00e9es afin<br \/>\nde garantir la s\u00e9curit\u00e9, la confidentialit\u00e9 et l\u2019int\u00e9grit\u00e9 des donn\u00e9es personnelles.<\/p>\n<p><strong>8 \u2013 Droits des utilisateurs<\/strong><br \/>\nConform\u00e9ment au RGPD, l\u2019Utilisateur dispose des droits suivants :<br \/>\n&#8211; droit d\u2019acc\u00e8s ;<br \/>\n&#8211; droit de rectification ;<br \/>\n&#8211; droit d\u2019effacement ;<br \/>\n&#8211; droit \u00e0 la limitation du traitement ;<br \/>\n&#8211; droit d\u2019opposition ;<br \/>\n&#8211; droit \u00e0 la portabilit\u00e9 des donn\u00e9es.<br \/>\nL\u2019Utilisateur peut exercer ses droits en adressant une demande \u00e0 : [email RGPD].<br \/>\nIl dispose \u00e9galement du droit d\u2019introduire une r\u00e9clamation aupr\u00e8s de la CNIL.<\/p>\n<p><strong>POLITIQUE DE COOKIES<\/strong><br \/>\nLe Site utilise des cookies strictement n\u00e9cessaires \u00e0 son fonctionnement ainsi que, le cas<br \/>\n\u00e9ch\u00e9ant, des cookies de mesure d\u2019audience.<br \/>\nLors de la premi\u00e8re visite, un bandeau d\u2019information permet \u00e0 l\u2019Utilisateur :<br \/>\n&#8211; d\u2019accepter les cookies ;<br \/>\n&#8211; de les refuser<br \/>\n&#8211; de les param\u00e9trer.<\/p>\n<p>Les cookies sont conserv\u00e9s pour une dur\u00e9e maximale de 13 mois conform\u00e9ment aux<br \/>\nrecommandations de la CNIL.<br \/>\nL\u2019Utilisateur peut \u00e0 tout moment modifier ses pr\u00e9f\u00e9rences en mati\u00e8re de cookies via le<br \/>\ngestionnaire de cookies du Site ou les param\u00e8tres de son navigateur.[\/vc_column_text][\/vc_column][vc_column column_width_percent=\u00a0\u00bb100&Prime; gutter_size=\u00a0\u00bb3&Prime; overlay_alpha=\u00a0\u00bb50&Prime; shift_x=\u00a0\u00bb0&Prime; shift_y=\u00a0\u00bb0&Prime; shift_y_down=\u00a0\u00bb0&Prime; z_index=\u00a0\u00bb0&Prime; medium_width=\u00a0\u00bb1&Prime; mobile_visibility=\u00a0\u00bbyes\u00a0\u00bb mobile_width=\u00a0\u00bb0&Prime; width=\u00a0\u00bb1\/4&Prime; uncode_shortcode_id=\u00a0\u00bb880355&Prime;][\/vc_column][\/vc_row]<\/p>\n<\/div>","protected":false},"excerpt":{"rendered":"<p>[vc_row row_height_percent=\u00a0\u00bb0&Prime; override_padding=\u00a0\u00bbyes\u00a0\u00bb h_padding=\u00a0\u00bb2&Prime; top_padding=\u00a0\u00bb2&Prime; bottom_padding=\u00a0\u00bb3&Prime; overlay_alpha=\u00a0\u00bb50&Prime; gutter_size=\u00a0\u00bb0&Prime; column_width_percent=\u00a0\u00bb100&Prime; shift_y=\u00a0\u00bb0&Prime; z_index=\u00a0\u00bb0&Prime; content_parallax=\u00a0\u00bb0&Prime; uncode_shortcode_id=\u00a0\u00bb106180&Prime;][vc_column column_width_percent=\u00a0\u00bb100&Prime; gutter_size=\u00a0\u00bb3&Prime; overlay_alpha=\u00a0\u00bb50&Prime; shift_x=\u00a0\u00bb0&Prime; shift_y=\u00a0\u00bb0&Prime; shift_y_down=\u00a0\u00bb0&Prime; z_index=\u00a0\u00bb0&Prime; [&hellip;]<\/p>\n","protected":false},"author":1,"featured_media":0,"parent":0,"menu_order":0,"comment_status":"closed","ping_status":"open","template":"","meta":{"inline_featured_image":false,"_themeisle_gutenberg_block_has_review":false,"footnotes":""},"class_list":["post-3","page","type-page","status-publish","hentry"],"yoast_head":"<!-- This site is optimized with the Yoast SEO plugin v25.3 - https:\/\/yoast.com\/wordpress\/plugins\/seo\/ -->\n<title>Politique de confidentialit\u00e9 - Munoz &amp; Coupey Avocats Associ\u00e9s<\/title>\n<meta name=\"robots\" content=\"index, follow, max-snippet:-1, max-image-preview:large, max-video-preview:-1\" \/>\n<link rel=\"canonical\" href=\"https:\/\/avocat-munoz-coupey-divorce-charente.fr\/?page_id=3\" \/>\n<meta property=\"og:locale\" content=\"fr_FR\" \/>\n<meta property=\"og:type\" content=\"article\" \/>\n<meta property=\"og:title\" content=\"Politique de confidentialit\u00e9 - Munoz &amp; Coupey Avocats Associ\u00e9s\" \/>\n<meta property=\"og:description\" content=\"[vc_row row_height_percent=\u00a0\u00bb0&Prime; override_padding=\u00a0\u00bbyes\u00a0\u00bb h_padding=\u00a0\u00bb2&Prime; top_padding=\u00a0\u00bb2&Prime; bottom_padding=\u00a0\u00bb3&Prime; overlay_alpha=\u00a0\u00bb50&Prime; gutter_size=\u00a0\u00bb0&Prime; column_width_percent=\u00a0\u00bb100&Prime; shift_y=\u00a0\u00bb0&Prime; z_index=\u00a0\u00bb0&Prime; content_parallax=\u00a0\u00bb0&Prime; uncode_shortcode_id=\u00a0\u00bb106180&Prime;][vc_column column_width_percent=\u00a0\u00bb100&Prime; gutter_size=\u00a0\u00bb3&Prime; overlay_alpha=\u00a0\u00bb50&Prime; shift_x=\u00a0\u00bb0&Prime; shift_y=\u00a0\u00bb0&Prime; shift_y_down=\u00a0\u00bb0&Prime; z_index=\u00a0\u00bb0&Prime; [&hellip;]\" \/>\n<meta property=\"og:url\" content=\"https:\/\/avocat-munoz-coupey-divorce-charente.fr\/?page_id=3\" \/>\n<meta property=\"og:site_name\" content=\"Munoz &amp; Coupey Avocats Associ\u00e9s\" \/>\n<meta property=\"article:modified_time\" content=\"2026-03-15T19:58:06+00:00\" \/>\n<meta name=\"twitter:card\" content=\"summary_large_image\" \/>\n<meta name=\"twitter:label1\" content=\"Dur\u00e9e de lecture estim\u00e9e\" \/>\n\t<meta name=\"twitter:data1\" content=\"3 minutes\" \/>\n<script type=\"application\/ld+json\" class=\"yoast-schema-graph\">{\"@context\":\"https:\/\/schema.org\",\"@graph\":[{\"@type\":\"WebPage\",\"@id\":\"https:\/\/avocat-munoz-coupey-divorce-charente.fr\/?page_id=3\",\"url\":\"https:\/\/avocat-munoz-coupey-divorce-charente.fr\/?page_id=3\",\"name\":\"Politique de confidentialit\u00e9 - Munoz &amp; Coupey Avocats Associ\u00e9s\",\"isPartOf\":{\"@id\":\"https:\/\/avocat-munoz-coupey-divorce-charente.fr\/#website\"},\"datePublished\":\"2025-05-07T13:17:27+00:00\",\"dateModified\":\"2026-03-15T19:58:06+00:00\",\"breadcrumb\":{\"@id\":\"https:\/\/avocat-munoz-coupey-divorce-charente.fr\/?page_id=3#breadcrumb\"},\"inLanguage\":\"fr-FR\",\"potentialAction\":[{\"@type\":\"ReadAction\",\"target\":[\"https:\/\/avocat-munoz-coupey-divorce-charente.fr\/?page_id=3\"]}]},{\"@type\":\"BreadcrumbList\",\"@id\":\"https:\/\/avocat-munoz-coupey-divorce-charente.fr\/?page_id=3#breadcrumb\",\"itemListElement\":[{\"@type\":\"ListItem\",\"position\":1,\"name\":\"Accueil\",\"item\":\"https:\/\/avocat-munoz-coupey-divorce-charente.fr\/\"},{\"@type\":\"ListItem\",\"position\":2,\"name\":\"Politique de confidentialit\u00e9\"}]},{\"@type\":\"WebSite\",\"@id\":\"https:\/\/avocat-munoz-coupey-divorce-charente.fr\/#website\",\"url\":\"https:\/\/avocat-munoz-coupey-divorce-charente.fr\/\",\"name\":\"Munoz &amp; Coupey Avocats Associ\u00e9s\",\"description\":\"\",\"potentialAction\":[{\"@type\":\"SearchAction\",\"target\":{\"@type\":\"EntryPoint\",\"urlTemplate\":\"https:\/\/avocat-munoz-coupey-divorce-charente.fr\/?s={search_term_string}\"},\"query-input\":{\"@type\":\"PropertyValueSpecification\",\"valueRequired\":true,\"valueName\":\"search_term_string\"}}],\"inLanguage\":\"fr-FR\"}]}<\/script>\n<!-- \/ Yoast SEO plugin. -->","yoast_head_json":{"title":"Politique de confidentialit\u00e9 - Munoz &amp; Coupey Avocats Associ\u00e9s","robots":{"index":"index","follow":"follow","max-snippet":"max-snippet:-1","max-image-preview":"max-image-preview:large","max-video-preview":"max-video-preview:-1"},"canonical":"https:\/\/avocat-munoz-coupey-divorce-charente.fr\/?page_id=3","og_locale":"fr_FR","og_type":"article","og_title":"Politique de confidentialit\u00e9 - Munoz &amp; Coupey Avocats Associ\u00e9s","og_description":"[vc_row row_height_percent=\u00a0\u00bb0&Prime; override_padding=\u00a0\u00bbyes\u00a0\u00bb h_padding=\u00a0\u00bb2&Prime; top_padding=\u00a0\u00bb2&Prime; bottom_padding=\u00a0\u00bb3&Prime; overlay_alpha=\u00a0\u00bb50&Prime; gutter_size=\u00a0\u00bb0&Prime; column_width_percent=\u00a0\u00bb100&Prime; shift_y=\u00a0\u00bb0&Prime; z_index=\u00a0\u00bb0&Prime; content_parallax=\u00a0\u00bb0&Prime; uncode_shortcode_id=\u00a0\u00bb106180&Prime;][vc_column column_width_percent=\u00a0\u00bb100&Prime; gutter_size=\u00a0\u00bb3&Prime; overlay_alpha=\u00a0\u00bb50&Prime; shift_x=\u00a0\u00bb0&Prime; shift_y=\u00a0\u00bb0&Prime; shift_y_down=\u00a0\u00bb0&Prime; z_index=\u00a0\u00bb0&Prime; [&hellip;]","og_url":"https:\/\/avocat-munoz-coupey-divorce-charente.fr\/?page_id=3","og_site_name":"Munoz &amp; Coupey Avocats Associ\u00e9s","article_modified_time":"2026-03-15T19:58:06+00:00","twitter_card":"summary_large_image","twitter_misc":{"Dur\u00e9e de lecture estim\u00e9e":"3 minutes"},"schema":{"@context":"https:\/\/schema.org","@graph":[{"@type":"WebPage","@id":"https:\/\/avocat-munoz-coupey-divorce-charente.fr\/?page_id=3","url":"https:\/\/avocat-munoz-coupey-divorce-charente.fr\/?page_id=3","name":"Politique de confidentialit\u00e9 - Munoz &amp; Coupey Avocats Associ\u00e9s","isPartOf":{"@id":"https:\/\/avocat-munoz-coupey-divorce-charente.fr\/#website"},"datePublished":"2025-05-07T13:17:27+00:00","dateModified":"2026-03-15T19:58:06+00:00","breadcrumb":{"@id":"https:\/\/avocat-munoz-coupey-divorce-charente.fr\/?page_id=3#breadcrumb"},"inLanguage":"fr-FR","potentialAction":[{"@type":"ReadAction","target":["https:\/\/avocat-munoz-coupey-divorce-charente.fr\/?page_id=3"]}]},{"@type":"BreadcrumbList","@id":"https:\/\/avocat-munoz-coupey-divorce-charente.fr\/?page_id=3#breadcrumb","itemListElement":[{"@type":"ListItem","position":1,"name":"Accueil","item":"https:\/\/avocat-munoz-coupey-divorce-charente.fr\/"},{"@type":"ListItem","position":2,"name":"Politique de confidentialit\u00e9"}]},{"@type":"WebSite","@id":"https:\/\/avocat-munoz-coupey-divorce-charente.fr\/#website","url":"https:\/\/avocat-munoz-coupey-divorce-charente.fr\/","name":"Munoz &amp; Coupey Avocats Associ\u00e9s","description":"","potentialAction":[{"@type":"SearchAction","target":{"@type":"EntryPoint","urlTemplate":"https:\/\/avocat-munoz-coupey-divorce-charente.fr\/?s={search_term_string}"},"query-input":{"@type":"PropertyValueSpecification","valueRequired":true,"valueName":"search_term_string"}}],"inLanguage":"fr-FR"}]}},"_links":{"self":[{"href":"https:\/\/avocat-munoz-coupey-divorce-charente.fr\/index.php?rest_route=\/wp\/v2\/pages\/3","targetHints":{"allow":["GET"]}}],"collection":[{"href":"https:\/\/avocat-munoz-coupey-divorce-charente.fr\/index.php?rest_route=\/wp\/v2\/pages"}],"about":[{"href":"https:\/\/avocat-munoz-coupey-divorce-charente.fr\/index.php?rest_route=\/wp\/v2\/types\/page"}],"author":[{"embeddable":true,"href":"https:\/\/avocat-munoz-coupey-divorce-charente.fr\/index.php?rest_route=\/wp\/v2\/users\/1"}],"replies":[{"embeddable":true,"href":"https:\/\/avocat-munoz-coupey-divorce-charente.fr\/index.php?rest_route=%2Fwp%2Fv2%2Fcomments&post=3"}],"version-history":[{"count":7,"href":"https:\/\/avocat-munoz-coupey-divorce-charente.fr\/index.php?rest_route=\/wp\/v2\/pages\/3\/revisions"}],"predecessor-version":[{"id":790,"href":"https:\/\/avocat-munoz-coupey-divorce-charente.fr\/index.php?rest_route=\/wp\/v2\/pages\/3\/revisions\/790"}],"wp:attachment":[{"href":"https:\/\/avocat-munoz-coupey-divorce-charente.fr\/index.php?rest_route=%2Fwp%2Fv2%2Fmedia&parent=3"}],"curies":[{"name":"wp","href":"https:\/\/api.w.org\/{rel}","templated":true}]}}